ivided by 28.
14
Let z = -26 - -43. Suppose -3*u + 609 = -f - 2*f, 2*u + f - 394 = 0. Suppose -3*j - 4 = -u. Calculate the remainder when j is divided by z.
14
Suppose 9*q = 3*m + 4*q - 38, -5*q = 4*m - 39. Suppose -i = -5*f + 210, 0 = -2*f - 4*i + 125 - 19. Calculate the remainder when f is divided by m.
10
Suppose 6*g = -18 + 108. Calculate the remainder when 29 is divided by g.
14
Suppose 2368*w + 1364 = 2379*w. Suppose -5*u + 214 = 5*y - u, 4*u + 122 = 3*y. What is the remainder when w is divided by y?
40
Suppose 0 = 4*o - 4*r - 48, 5*r = -28 + 3. Calculate the remainder when (1 - -2)*(-256)/(-48) is divided by o.
2
Calculate the remainder when (-114400)/(-112) + -1*(-6)/(-14) is divided by 146.
145
Let o(y) = -12*y - 8. Let c be ((-2)/2)/(7 - (-162)/(-24)). What is the remainder when o(c) is divided by 11?
7
Suppose -138 = -3*p + 3*k, 3*p + 4*k - 61 = 42. Calculate the remainder when p is divided by (8/(-4))/(4/(-22)).
8
Let l(v) = 76*v**2 - 11*v + 2. What is the remainder when l(-2) is divided by 7?
6
Let g be (-9)/(-27)*531/3. Let t = 61 + g. Calculate the remainder when t is divided by 31.
27
Let o be (30/8)/((-7)/(-28)). Suppose -4*d = o - 43. Suppose 7*i = 3*i + 72. Calculate the remainder when i is divided by d.
4
Let u(s) be the first derivative of 2*s + s**3 + 1/2*s**2 + 6 - 1/4*s**4. Calculate the remainder when 13 is divided by u(2).
5
Let y be 0 + (0/3)/1. Suppose 7 = -v + t, y = -6*v + 2*v + 3*t - 26. What is the remainder when 54 is divided by (-5)/(v/21) + -2?
16
Let j = 54 + -51. Suppose -2*h - j*h + 20 = 0. Suppose -5*a = -2*m + 6*m - 45, -25 = -5*m. What is the remainder when a is divided by h?
1
Calculate the remainder when 116 is divided by (-5)/(-8)*4*(5 + -1).
6
Calculate the remainder when (-10643)/(-58) - 6/(-4) is divided by 27.
23
What is the remainder when (-8383)/(-7) - (-300)/(-525) is divided by 120?
117
Let c = 28 - 15. Suppose -4*t + 3*t = -c. Calculate the remainder when t is divided by 7.
6
Let f(y) = -3*y**3 + 11*y**2 + 7*y - 9. What is the remainder when 746 is divided by f(3)?
26
Calculate the remainder when 179 is divided by (-1)/(2 + 1 + (-93)/30).
9
Suppose 0 = 3*i + 5*p - 129 - 29, 160 = 3*i + 4*p. Suppose -2*b = 6*r - r - i, 0 = -4*r + 5*b + 25. What is the remainder when r is divided by 7?
3
Let f(r) = r**3 - 22*r**2 - r - 52. Let x(v) = v**3 - 21*v**2 - 53. Let s(n) = 3*f(n) - 4*x(n). What is the remainder when s(18) is divided by 1?
0
Let m(t) = t**3 - 12*t**2 + 14*t - 19. Calculate the remainder when 67 is divided by m(11).
11
Suppose -5*b - 2*g + 181 = 0, 3*g + 58 = 4*b - 73. Calculate the remainder when 172 is divided by b.
32
Let p = -140 + 142. Calculate the remainder when 7 is divided by p.
1
Let j = -152 + 59. Let w = j - -159. What is the remainder when w is divided by 17?
15
Suppose -49 = -0*x - x. Suppose -5*s + m + 240 = 0, -2*s + 47 = -m - x. Calculate the remainder when s is divided by 17.
14
What is the remainder when (-50)/(-175) + 1140/28 + (0 - 1) is divided by 2 + (23 - (3 - 2))?
16
Let m(i) = i**2 - 12*i + 18. Let g be m(10). Calculate the remainder when (-101)/g - 12/8 is divided by 25.
24
Calculate the remainder when 8/12*(-12 - -39) is divided by 12.
6
Calculate the remainder when 97 is divided by 8*5 - (23 - 28).
7
Calculate the remainder when -1 + (-2340)/(-9) + -6 is divided by 53.
41
Let f = 48 + -25. Let t = -18 + 15. Calculate the remainder when f is divided by 12*3/(t - -6).
11
Let t(j) = -j**3 + 5*j**2 + 15*j - 41. What is the remainder when 140 is divided by t(6)?
10
Let q(i) = -3*i + 1. Let c be q(-1). Suppose 2*k - 4*l + 7*l = 148, 5*k = -c*l + 356. Suppose -4*f + 48 = -2*f. Calculate the remainder when k is divided by f.
20
Let r = -43 + 77. Calculate the remainder when 40 is divided by r.
6
Let w(p) = 17*p + 1. Let k = 2463 + -2431. What is the remainder when k is divided by w(1)?
14
Let d = 56 - 54. Suppose -3*f - 6 = 9, d*f = -5*r + 80. What is the remainder when r is divided by 5?
3
Suppose -k = 3*a - 63, 2*a - 43 - 9 = -4*k. Calculate the remainder when 99 is divided by a.
19
Let d(s) be the third derivative of s**5/10 + 5*s**4/24 + 4*s**3/3 + 22*s**2. Calculate the remainder when d(-3) is divided by 16.
15
Let j be ((-2)/(-4))/((-7)/84). Let o(g) = -3. Let n(m) = m + 10. Let x(f) = j*n(f) - 17*o(f). Calculate the remainder when x(-6) is divided by 10.
7
Let n = 3 - 25. Let c = -22 - n. Let t = 8 + c. What is the remainder when t is divided by 5?
3
Let p(r) = 359*r**2 + 19*r - 18. Calculate the remainder when p(1) is divided by 33.
30
Suppose 6 = r + k, 3*r = 6*r - 5*k - 34. Calculate the remainder when (r + -4)/20*5 is divided by 1.
0
Suppose -141 = -10*f + 39. Let o(d) = -9*d - 4. What is the remainder when o(-6) is divided by f?
14
Let q = 536 - 533. Calculate the remainder when 152 is divided by q.
2
Let m(g) = -3*g**3 - 3 - 2*g**2 - 2*g - g**2 + 2. Calculate the remainder when ((-9)/(-6))/(1/18) is divided by m(-2).
12
Suppose 9*y - 11*y = 94. Let w = y + 69. Calculate the remainder when 87 is divided by w.
21
Let r(k) = -k**2 - 3*k + 6. Let b be r(-4). Suppose 20 = b*p - 6. What is the remainder when 24 is divided by p?
11
Suppose 0 = 3*p + 15, -3*q - 5*p = q + 5. Suppose -q*v - 16 = -v. Let t(i) = -i**3 - 3*i**2 + 3*i + 6. What is the remainder when t(v) is divided by 3?
1
Suppose 163*f - 161*f = 4*t + 12, -27 = -2*f + t. Calculate the remainder when 1275 is divided by f.
11
Calculate the remainder when 4 + ((-4)/1 - -66) - 3 is divided by (-15)/6*44/(-5).
19
Suppose 4*h = 4*u + 20, -2*u - 3*u - 1 = h. What is the remainder when 15 is divided by h?
3
Let m be (4/10)/((-2)/(-30)). Let n(c) = 2*c - 38. Let q be n(21). Suppose q*p - 58 = -m. Calculate the remainder when 37 is divided by p.
11
Let g(t) = -t**3 + t**2 + 23*t + 67. Calculate the remainder when 163 is divided by g(-4).
53
Suppose 5*c - 1681 = -281. Suppose -5*t + 5*l = -c, 0*l = -3*t + 5*l + 160. Calculate the remainder when t is divided by 32.
28
Let v(i) = -i**3 - i**2 - 1. Let t(u) = 3*u**3 + 10*u**2 + 7*u + 7. Let z(k) = t(k) + 2*v(k). What is the remainder when 72 is divided by z(-7)?
2
Suppose 5*i + 230 = 10*i - 5*m, -4*m = i - 41. Calculate the remainder when i is divided by 21.
3
Let q(w) = 8*w - 89. Suppose -2*h = 6*l - 4*l + 12, 4*h - 5*l + 6 = 0. What is the remainder when q(12) is divided by (5/h)/(2/(-8))?
2
Let l be 2/(-10) + 8/(-10). Let g be -8 + 10 - (l - -4). What is the remainder when 20 is divided by (-4 - (3 - 0))*g?
6
Let a(i) = -i - 15. Let n(v) = v + 15. Let j(o) = 2*a(o) + 3*n(o). What is the remainder when 39 is divided by j(-5)?
9
Let d(z) = -z - 11. Let k be d(-7). Let t be (-18)/k*2/(-3). Let y = 0 - t. What is the remainder when 10 is divided by y?
1
Suppose -50*a + 42*a = -640. Calculate the remainder when a is divided by 17.
12
Suppose 102 = o + 3*r, o + 2*r - 121 = -19. Let b(j) = 35*j**3 + j - 1. Calculate the remainder when o is divided by b(1).
32
Suppose -4458 = -4*k - 43*i + 41*i, 4*i = -k + 1118. Calculate the remainder when k is divided by 36.
34
Let x be 0/2 - (67 + 8). Let g = -58 - x. Calculate the remainder when g is divided by 9.
8
Calculate the remainder when 260 + ((-4)/(-6) - (-92)/69) is divided by 24.
22
Suppose -2*o = -5*h + 796, 486 = 3*h + 5*o - 2*o. Let y = 160 - 106. Calculate the remainder when h is divided by y.
52
Let c(z) = -22*z - 1. Let v be c(-8). Let m = v - 121. What is the remainder when m is divided by 19?
16
Suppose -44*j + 54*j = 160. What is the remainder when 28 is divided by j?
12
What is the remainder when (-1 - 25)*12/(-120)*365 is divided by 5?
4
Suppose -6*q = -9*q - 105. Let d = -10 - q. What is the remainder when d is divided by 9?
7
Suppose 0 = m - 0*m + v - 2, 5*m - 10 = 5*v. Let l be 0 + 3 + -3 + m. What is the remainder when 31 is divided by 14/(-7) + l + 16?
15
Suppose -8*y = -13*y + 180. Let x = y - 22. Let w = x + -3. What is the remainder when w is divided by 3?
2
Let y(i) be the second derivative of i**2 + 0 + 4/3*i**3 + 1/12*i**4 + 3*i. What is the remainder when 42 is divided by y(-10)?
20
Suppose 18*h = 14*h + 152. Calculate the remainder when 137 is divided by h.
23
Let f(a) = -11*a + 1. Let m be f(1). Let h = 14 - m. What is the remainder when (-15)/10*26*(-12)/4 is divided by h?
21
Let y be -4 +